{"id":12350,"date":"2025-09-02T10:30:50","date_gmt":"2025-09-02T13:30:50","guid":{"rendered":"https:\/\/kinetic-corp.com\/training\/?post_type=product&#038;p=12350"},"modified":"2026-02-27T12:45:52","modified_gmt":"2026-02-27T15:45:52","slug":"bim-revit-fundamentals","status":"publish","type":"product","link":"https:\/\/kinetic-corp.com\/training\/formacion\/bim-revit-fundamentals\/","title":{"rendered":"BIM &amp; Revit Fundamentals"},"content":{"rendered":"<p>Con esta formaci\u00f3n, vas a adquirir una comprensi\u00f3n integral de la metodolog\u00eda BIM y su implementaci\u00f3n pr\u00e1ctica a trav\u00e9s del uso de Revit, y vas a desarrollar las habilidades necesarias para modelar, gestionar y coordinar proyectos de arquitectura y construcci\u00f3n en un entorno colaborativo.<\/p>\n<p>A lo largo de la formaci\u00f3n, buscamos que domines tanto los conceptos fundamentales como las herramientas operativas, mediante actividades te\u00f3ricas y ejercicios pr\u00e1cticos, para que incorpores eficientemente esta metodolog\u00eda en tu desempe\u00f1o profesional.<\/p>\n","protected":false},"excerpt":{"rendered":"<p>Con esta formaci\u00f3n, vas a adquirir una comprensi\u00f3n integral de la metodolog\u00eda BIM y su implementaci\u00f3n pr\u00e1ctica a trav\u00e9s del uso de Revit, y vas a desarrollar las habilidades necesarias para modelar, gestionar y coordinar proyectos de arquitectura y construcci\u00f3n en un entorno colaborativo. A lo largo de la formaci\u00f3n, buscamos que domines tanto los [&hellip;]<\/p>\n","protected":false},"featured_media":12372,"template":"","meta":{"_acf_changed":false},"modalidad":[39],"product_brand":[],"product_cat":[29],"product_tag":[98],"class_list":{"0":"post-12350","1":"product","2":"type-product","3":"status-publish","4":"has-post-thumbnail","6":"modalidad-live-class","7":"product_cat-gestion-de-proyectos","8":"product_tag-cyber-fest","10":"first","11":"outofstock","12":"sale","13":"virtual","14":"sold-individually","15":"purchasable","16":"product-type-simple"},"acf":[],"yoast_head":"<!-- This site is optimized with the Yoast SEO plugin v27.4 - https:\/\/yoast.com\/product\/yoast-seo-wordpress\/ -->\n<title>BIM &amp; Revit Fundamentals - Kinetic Training<\/title>\n<meta name=\"description\" content=\"Incorpor\u00e1 BIM en tu pr\u00e1ctica profesional para facilitar la transici\u00f3n a flujos de trabajo colaborativos y el uso de herramientas digitales como Revit.\" \/>\n<meta name=\"robots\" content=\"index, follow, max-snippet:-1, max-image-preview:large, max-video-preview:-1\" \/>\n<link rel=\"canonical\" href=\"https:\/\/kinetic-corp.com\/training\/formacion\/bim-revit-fundamentals\/\" \/>\n<meta property=\"og:locale\" content=\"es_ES\" \/>\n<meta property=\"og:type\" content=\"article\" \/>\n<meta property=\"og:title\" content=\"BIM &amp; Revit Fundamentals - Kinetic Training\" \/>\n<meta property=\"og:description\" content=\"Incorpor\u00e1 BIM en tu pr\u00e1ctica profesional para facilitar la transici\u00f3n a flujos de trabajo colaborativos y el uso de herramientas digitales como Revit.\" \/>\n<meta property=\"og:url\" content=\"https:\/\/kinetic-corp.com\/training\/formacion\/bim-revit-fundamentals\/\" \/>\n<meta property=\"og:site_name\" content=\"Kinetic Training\" \/>\n<meta property=\"article:publisher\" content=\"https:\/\/www.facebook.com\/kinetic.traininghub\" \/>\n<meta property=\"article:modified_time\" content=\"2026-02-27T15:45:52+00:00\" \/>\n<meta property=\"og:image\" content=\"https:\/\/kinetic-corp.com\/training\/wp-content\/uploads\/2025\/09\/bim-revit-e1756909884556.jpg\" \/>\n\t<meta property=\"og:image:width\" content=\"600\" \/>\n\t<meta property=\"og:image:height\" content=\"400\" \/>\n\t<meta property=\"og:image:type\" content=\"image\/jpeg\" \/>\n<meta name=\"twitter:card\" content=\"summary_large_image\" \/>\n<meta name=\"twitter:label1\" content=\"Tiempo de lectura\" \/>\n\t<meta name=\"twitter:data1\" content=\"1 minuto\" \/>\n<script type=\"application\/ld+json\" class=\"yoast-schema-graph\">{\"@context\":\"https:\\\/\\\/schema.org\",\"@graph\":[{\"@type\":\"WebPage\",\"@id\":\"https:\\\/\\\/kinetic-corp.com\\\/training\\\/formacion\\\/bim-revit-fundamentals\\\/\",\"url\":\"https:\\\/\\\/kinetic-corp.com\\\/training\\\/formacion\\\/bim-revit-fundamentals\\\/\",\"name\":\"BIM &amp; Revit Fundamentals - Kinetic Training\",\"isPartOf\":{\"@id\":\"https:\\\/\\\/kinetic-corp.com\\\/training\\\/#website\"},\"primaryImageOfPage\":{\"@id\":\"https:\\\/\\\/kinetic-corp.com\\\/training\\\/formacion\\\/bim-revit-fundamentals\\\/#primaryimage\"},\"image\":{\"@id\":\"https:\\\/\\\/kinetic-corp.com\\\/training\\\/formacion\\\/bim-revit-fundamentals\\\/#primaryimage\"},\"thumbnailUrl\":\"https:\\\/\\\/kinetic-corp.com\\\/training\\\/wp-content\\\/uploads\\\/2025\\\/09\\\/bim-revit-e1756909884556.jpg\",\"datePublished\":\"2025-09-02T13:30:50+00:00\",\"dateModified\":\"2026-02-27T15:45:52+00:00\",\"description\":\"Incorpor\u00e1 BIM en tu pr\u00e1ctica profesional para facilitar la transici\u00f3n a flujos de trabajo colaborativos y el uso de herramientas digitales como Revit.\",\"breadcrumb\":{\"@id\":\"https:\\\/\\\/kinetic-corp.com\\\/training\\\/formacion\\\/bim-revit-fundamentals\\\/#breadcrumb\"},\"inLanguage\":\"es\",\"potentialAction\":[{\"@type\":\"ReadAction\",\"target\":[\"https:\\\/\\\/kinetic-corp.com\\\/training\\\/formacion\\\/bim-revit-fundamentals\\\/\"]}]},{\"@type\":\"ImageObject\",\"inLanguage\":\"es\",\"@id\":\"https:\\\/\\\/kinetic-corp.com\\\/training\\\/formacion\\\/bim-revit-fundamentals\\\/#primaryimage\",\"url\":\"https:\\\/\\\/kinetic-corp.com\\\/training\\\/wp-content\\\/uploads\\\/2025\\\/09\\\/bim-revit-e1756909884556.jpg\",\"contentUrl\":\"https:\\\/\\\/kinetic-corp.com\\\/training\\\/wp-content\\\/uploads\\\/2025\\\/09\\\/bim-revit-e1756909884556.jpg\",\"width\":600,\"height\":400,\"caption\":\"bim-revit\"},{\"@type\":\"BreadcrumbList\",\"@id\":\"https:\\\/\\\/kinetic-corp.com\\\/training\\\/formacion\\\/bim-revit-fundamentals\\\/#breadcrumb\",\"itemListElement\":[{\"@type\":\"ListItem\",\"position\":1,\"name\":\"Inicio\",\"item\":\"https:\\\/\\\/kinetic-corp.com\\\/training\\\/\"},{\"@type\":\"ListItem\",\"position\":2,\"name\":\"Formaciones\",\"item\":\"https:\\\/\\\/kinetic-corp.com\\\/training\\\/formaciones\\\/\"},{\"@type\":\"ListItem\",\"position\":3,\"name\":\"Gesti\u00f3n de proyectos\",\"item\":\"https:\\\/\\\/kinetic-corp.com\\\/training\\\/categoria\\\/gestion-de-proyectos\\\/\"},{\"@type\":\"ListItem\",\"position\":4,\"name\":\"BIM &amp; Revit Fundamentals\"}]},{\"@type\":\"WebSite\",\"@id\":\"https:\\\/\\\/kinetic-corp.com\\\/training\\\/#website\",\"url\":\"https:\\\/\\\/kinetic-corp.com\\\/training\\\/\",\"name\":\"Kinetic Training\",\"description\":\"Desarrolla tu talento\",\"publisher\":{\"@id\":\"https:\\\/\\\/kinetic-corp.com\\\/training\\\/#organization\"},\"potentialAction\":[{\"@type\":\"SearchAction\",\"target\":{\"@type\":\"EntryPoint\",\"urlTemplate\":\"https:\\\/\\\/kinetic-corp.com\\\/training\\\/?s={search_term_string}\"},\"query-input\":{\"@type\":\"PropertyValueSpecification\",\"valueRequired\":true,\"valueName\":\"search_term_string\"}}],\"inLanguage\":\"es\"},{\"@type\":\"Organization\",\"@id\":\"https:\\\/\\\/kinetic-corp.com\\\/training\\\/#organization\",\"name\":\"Kinetic Training\",\"url\":\"https:\\\/\\\/kinetic-corp.com\\\/training\\\/\",\"logo\":{\"@type\":\"ImageObject\",\"inLanguage\":\"es\",\"@id\":\"https:\\\/\\\/kinetic-corp.com\\\/training\\\/#\\\/schema\\\/logo\\\/image\\\/\",\"url\":\"https:\\\/\\\/kinetic-corp.com\\\/training\\\/wp-content\\\/uploads\\\/2024\\\/05\\\/kinetic-training-fw.svg\",\"contentUrl\":\"https:\\\/\\\/kinetic-corp.com\\\/training\\\/wp-content\\\/uploads\\\/2024\\\/05\\\/kinetic-training-fw.svg\",\"caption\":\"Kinetic Training\"},\"image\":{\"@id\":\"https:\\\/\\\/kinetic-corp.com\\\/training\\\/#\\\/schema\\\/logo\\\/image\\\/\"},\"sameAs\":[\"https:\\\/\\\/www.facebook.com\\\/kinetic.traininghub\",\"https:\\\/\\\/www.instagram.com\\\/kinetic.traininghub\\\/\",\"https:\\\/\\\/www.linkedin.com\\\/company\\\/kinetic-training\\\/\"]}]}<\/script>\n<!-- \/ Yoast SEO plugin. -->","yoast_head_json":{"title":"BIM &amp; Revit Fundamentals - Kinetic Training","description":"Incorpor\u00e1 BIM en tu pr\u00e1ctica profesional para facilitar la transici\u00f3n a flujos de trabajo colaborativos y el uso de herramientas digitales como Revit.","robots":{"index":"index","follow":"follow","max-snippet":"max-snippet:-1","max-image-preview":"max-image-preview:large","max-video-preview":"max-video-preview:-1"},"canonical":"https:\/\/kinetic-corp.com\/training\/formacion\/bim-revit-fundamentals\/","og_locale":"es_ES","og_type":"article","og_title":"BIM &amp; Revit Fundamentals - Kinetic Training","og_description":"Incorpor\u00e1 BIM en tu pr\u00e1ctica profesional para facilitar la transici\u00f3n a flujos de trabajo colaborativos y el uso de herramientas digitales como Revit.","og_url":"https:\/\/kinetic-corp.com\/training\/formacion\/bim-revit-fundamentals\/","og_site_name":"Kinetic Training","article_publisher":"https:\/\/www.facebook.com\/kinetic.traininghub","article_modified_time":"2026-02-27T15:45:52+00:00","og_image":[{"width":600,"height":400,"url":"https:\/\/kinetic-corp.com\/training\/wp-content\/uploads\/2025\/09\/bim-revit-e1756909884556.jpg","type":"image\/jpeg"}],"twitter_card":"summary_large_image","twitter_misc":{"Tiempo de lectura":"1 minuto"},"schema":{"@context":"https:\/\/schema.org","@graph":[{"@type":"WebPage","@id":"https:\/\/kinetic-corp.com\/training\/formacion\/bim-revit-fundamentals\/","url":"https:\/\/kinetic-corp.com\/training\/formacion\/bim-revit-fundamentals\/","name":"BIM &amp; Revit Fundamentals - Kinetic Training","isPartOf":{"@id":"https:\/\/kinetic-corp.com\/training\/#website"},"primaryImageOfPage":{"@id":"https:\/\/kinetic-corp.com\/training\/formacion\/bim-revit-fundamentals\/#primaryimage"},"image":{"@id":"https:\/\/kinetic-corp.com\/training\/formacion\/bim-revit-fundamentals\/#primaryimage"},"thumbnailUrl":"https:\/\/kinetic-corp.com\/training\/wp-content\/uploads\/2025\/09\/bim-revit-e1756909884556.jpg","datePublished":"2025-09-02T13:30:50+00:00","dateModified":"2026-02-27T15:45:52+00:00","description":"Incorpor\u00e1 BIM en tu pr\u00e1ctica profesional para facilitar la transici\u00f3n a flujos de trabajo colaborativos y el uso de herramientas digitales como Revit.","breadcrumb":{"@id":"https:\/\/kinetic-corp.com\/training\/formacion\/bim-revit-fundamentals\/#breadcrumb"},"inLanguage":"es","potentialAction":[{"@type":"ReadAction","target":["https:\/\/kinetic-corp.com\/training\/formacion\/bim-revit-fundamentals\/"]}]},{"@type":"ImageObject","inLanguage":"es","@id":"https:\/\/kinetic-corp.com\/training\/formacion\/bim-revit-fundamentals\/#primaryimage","url":"https:\/\/kinetic-corp.com\/training\/wp-content\/uploads\/2025\/09\/bim-revit-e1756909884556.jpg","contentUrl":"https:\/\/kinetic-corp.com\/training\/wp-content\/uploads\/2025\/09\/bim-revit-e1756909884556.jpg","width":600,"height":400,"caption":"bim-revit"},{"@type":"BreadcrumbList","@id":"https:\/\/kinetic-corp.com\/training\/formacion\/bim-revit-fundamentals\/#breadcrumb","itemListElement":[{"@type":"ListItem","position":1,"name":"Inicio","item":"https:\/\/kinetic-corp.com\/training\/"},{"@type":"ListItem","position":2,"name":"Formaciones","item":"https:\/\/kinetic-corp.com\/training\/formaciones\/"},{"@type":"ListItem","position":3,"name":"Gesti\u00f3n de proyectos","item":"https:\/\/kinetic-corp.com\/training\/categoria\/gestion-de-proyectos\/"},{"@type":"ListItem","position":4,"name":"BIM &amp; Revit Fundamentals"}]},{"@type":"WebSite","@id":"https:\/\/kinetic-corp.com\/training\/#website","url":"https:\/\/kinetic-corp.com\/training\/","name":"Kinetic Training","description":"Desarrolla tu talento","publisher":{"@id":"https:\/\/kinetic-corp.com\/training\/#organization"},"potentialAction":[{"@type":"SearchAction","target":{"@type":"EntryPoint","urlTemplate":"https:\/\/kinetic-corp.com\/training\/?s={search_term_string}"},"query-input":{"@type":"PropertyValueSpecification","valueRequired":true,"valueName":"search_term_string"}}],"inLanguage":"es"},{"@type":"Organization","@id":"https:\/\/kinetic-corp.com\/training\/#organization","name":"Kinetic Training","url":"https:\/\/kinetic-corp.com\/training\/","logo":{"@type":"ImageObject","inLanguage":"es","@id":"https:\/\/kinetic-corp.com\/training\/#\/schema\/logo\/image\/","url":"https:\/\/kinetic-corp.com\/training\/wp-content\/uploads\/2024\/05\/kinetic-training-fw.svg","contentUrl":"https:\/\/kinetic-corp.com\/training\/wp-content\/uploads\/2024\/05\/kinetic-training-fw.svg","caption":"Kinetic Training"},"image":{"@id":"https:\/\/kinetic-corp.com\/training\/#\/schema\/logo\/image\/"},"sameAs":["https:\/\/www.facebook.com\/kinetic.traininghub","https:\/\/www.instagram.com\/kinetic.traininghub\/","https:\/\/www.linkedin.com\/company\/kinetic-training\/"]}]}},"_links":{"self":[{"href":"https:\/\/kinetic-corp.com\/training\/wp-json\/wp\/v2\/product\/12350","targetHints":{"allow":["GET"]}}],"collection":[{"href":"https:\/\/kinetic-corp.com\/training\/wp-json\/wp\/v2\/product"}],"about":[{"href":"https:\/\/kinetic-corp.com\/training\/wp-json\/wp\/v2\/types\/product"}],"wp:featuredmedia":[{"embeddable":true,"href":"https:\/\/kinetic-corp.com\/training\/wp-json\/wp\/v2\/media\/12372"}],"wp:attachment":[{"href":"https:\/\/kinetic-corp.com\/training\/wp-json\/wp\/v2\/media?parent=12350"}],"wp:term":[{"taxonomy":"modalidad","embeddable":true,"href":"https:\/\/kinetic-corp.com\/training\/wp-json\/wp\/v2\/modalidad?post=12350"},{"taxonomy":"product_brand","embeddable":true,"href":"https:\/\/kinetic-corp.com\/training\/wp-json\/wp\/v2\/product_brand?post=12350"},{"taxonomy":"product_cat","embeddable":true,"href":"https:\/\/kinetic-corp.com\/training\/wp-json\/wp\/v2\/product_cat?post=12350"},{"taxonomy":"product_tag","embeddable":true,"href":"https:\/\/kinetic-corp.com\/training\/wp-json\/wp\/v2\/product_tag?post=12350"}],"curies":[{"name":"wp","href":"https:\/\/api.w.org\/{rel}","templated":true}]}}