{"id":12500,"date":"2025-10-02T16:14:36","date_gmt":"2025-10-02T19:14:36","guid":{"rendered":"https:\/\/kinetic-corp.com\/training\/?post_type=product&#038;p=12500"},"modified":"2026-04-06T09:52:14","modified_gmt":"2026-04-06T12:52:14","slug":"practicas-y-tecnicas-agiles","status":"publish","type":"product","link":"https:\/\/kinetic-corp.com\/training\/formacion\/practicas-y-tecnicas-agiles\/","title":{"rendered":"Pr\u00e1cticas y T\u00e9cnicas \u00c1giles"},"content":{"rendered":"<p>En los entornos actuales, los equipos necesitan algo m\u00e1s que estructuras tradicionales: requieren confianza, autonom\u00eda y formas de colaboraci\u00f3n que potencien su creatividad y capacidad de respuesta.<\/p>\n<p>Este taller propone un enfoque pr\u00e1ctico basado en pr\u00e1cticas de construcci\u00f3n de equipos y din\u00e1micas colaborativas, que permiten alinear prop\u00f3sitos, fortalecer v\u00ednculos y mejorar la toma de decisiones colectivas.<\/p>\n","protected":false},"excerpt":{"rendered":"<p>En los entornos actuales, los equipos necesitan algo m\u00e1s que estructuras tradicionales: requieren confianza, autonom\u00eda y formas de colaboraci\u00f3n que potencien su creatividad y capacidad de respuesta. Este taller propone un enfoque pr\u00e1ctico basado en pr\u00e1cticas de construcci\u00f3n de equipos y din\u00e1micas colaborativas, que permiten alinear prop\u00f3sitos, fortalecer v\u00ednculos y mejorar la toma de decisiones [&hellip;]<\/p>\n","protected":false},"featured_media":12501,"template":"","meta":{"_acf_changed":false},"modalidad":[39],"product_brand":[],"product_cat":[27],"product_tag":[98],"class_list":{"0":"post-12500","1":"product","2":"type-product","3":"status-publish","4":"has-post-thumbnail","6":"modalidad-live-class","7":"product_cat-agilidad","8":"product_tag-cyber-fest","10":"first","11":"instock","12":"sale","13":"virtual","14":"sold-individually","15":"purchasable","16":"product-type-simple"},"acf":[],"yoast_head":"<!-- This site is optimized with the Yoast SEO plugin v27.4 - https:\/\/yoast.com\/product\/yoast-seo-wordpress\/ -->\n<title>Pr\u00e1cticas y T\u00e9cnicas \u00c1giles - Kinetic Training<\/title>\n<meta name=\"robots\" content=\"index, follow, max-snippet:-1, max-image-preview:large, max-video-preview:-1\" \/>\n<link rel=\"canonical\" href=\"https:\/\/kinetic-corp.com\/training\/formacion\/practicas-y-tecnicas-agiles\/\" \/>\n<meta property=\"og:locale\" content=\"es_ES\" \/>\n<meta property=\"og:type\" content=\"article\" \/>\n<meta property=\"og:title\" content=\"Pr\u00e1cticas y T\u00e9cnicas \u00c1giles - Kinetic Training\" \/>\n<meta property=\"og:description\" content=\"En los entornos actuales, los equipos necesitan algo m\u00e1s que estructuras tradicionales: requieren confianza, autonom\u00eda y formas de colaboraci\u00f3n que potencien su creatividad y capacidad de respuesta. Este taller propone un enfoque pr\u00e1ctico basado en pr\u00e1cticas de construcci\u00f3n de equipos y din\u00e1micas colaborativas, que permiten alinear prop\u00f3sitos, fortalecer v\u00ednculos y mejorar la toma de decisiones [&hellip;]\" \/>\n<meta property=\"og:url\" content=\"https:\/\/kinetic-corp.com\/training\/formacion\/practicas-y-tecnicas-agiles\/\" \/>\n<meta property=\"og:site_name\" content=\"Kinetic Training\" \/>\n<meta property=\"article:publisher\" content=\"https:\/\/www.facebook.com\/kinetic.traininghub\" \/>\n<meta property=\"article:modified_time\" content=\"2026-04-06T12:52:14+00:00\" \/>\n<meta property=\"og:image\" content=\"https:\/\/kinetic-corp.com\/training\/wp-content\/uploads\/2025\/10\/practicas_tecnicas_agiles.webp\" \/>\n\t<meta property=\"og:image:width\" content=\"1024\" \/>\n\t<meta property=\"og:image:height\" content=\"1024\" \/>\n\t<meta property=\"og:image:type\" content=\"image\/webp\" \/>\n<meta name=\"twitter:card\" content=\"summary_large_image\" \/>\n<meta name=\"twitter:label1\" content=\"Tiempo de lectura\" \/>\n\t<meta name=\"twitter:data1\" content=\"1 minuto\" \/>\n<script type=\"application\/ld+json\" class=\"yoast-schema-graph\">{\"@context\":\"https:\\\/\\\/schema.org\",\"@graph\":[{\"@type\":\"WebPage\",\"@id\":\"https:\\\/\\\/kinetic-corp.com\\\/training\\\/formacion\\\/practicas-y-tecnicas-agiles\\\/\",\"url\":\"https:\\\/\\\/kinetic-corp.com\\\/training\\\/formacion\\\/practicas-y-tecnicas-agiles\\\/\",\"name\":\"Pr\u00e1cticas y T\u00e9cnicas \u00c1giles - Kinetic Training\",\"isPartOf\":{\"@id\":\"https:\\\/\\\/kinetic-corp.com\\\/training\\\/#website\"},\"primaryImageOfPage\":{\"@id\":\"https:\\\/\\\/kinetic-corp.com\\\/training\\\/formacion\\\/practicas-y-tecnicas-agiles\\\/#primaryimage\"},\"image\":{\"@id\":\"https:\\\/\\\/kinetic-corp.com\\\/training\\\/formacion\\\/practicas-y-tecnicas-agiles\\\/#primaryimage\"},\"thumbnailUrl\":\"https:\\\/\\\/kinetic-corp.com\\\/training\\\/wp-content\\\/uploads\\\/2025\\\/10\\\/practicas_tecnicas_agiles.webp\",\"datePublished\":\"2025-10-02T19:14:36+00:00\",\"dateModified\":\"2026-04-06T12:52:14+00:00\",\"breadcrumb\":{\"@id\":\"https:\\\/\\\/kinetic-corp.com\\\/training\\\/formacion\\\/practicas-y-tecnicas-agiles\\\/#breadcrumb\"},\"inLanguage\":\"es\",\"potentialAction\":[{\"@type\":\"ReadAction\",\"target\":[\"https:\\\/\\\/kinetic-corp.com\\\/training\\\/formacion\\\/practicas-y-tecnicas-agiles\\\/\"]}]},{\"@type\":\"ImageObject\",\"inLanguage\":\"es\",\"@id\":\"https:\\\/\\\/kinetic-corp.com\\\/training\\\/formacion\\\/practicas-y-tecnicas-agiles\\\/#primaryimage\",\"url\":\"https:\\\/\\\/kinetic-corp.com\\\/training\\\/wp-content\\\/uploads\\\/2025\\\/10\\\/practicas_tecnicas_agiles.webp\",\"contentUrl\":\"https:\\\/\\\/kinetic-corp.com\\\/training\\\/wp-content\\\/uploads\\\/2025\\\/10\\\/practicas_tecnicas_agiles.webp\",\"width\":1024,\"height\":1024},{\"@type\":\"BreadcrumbList\",\"@id\":\"https:\\\/\\\/kinetic-corp.com\\\/training\\\/formacion\\\/practicas-y-tecnicas-agiles\\\/#breadcrumb\",\"itemListElement\":[{\"@type\":\"ListItem\",\"position\":1,\"name\":\"Inicio\",\"item\":\"https:\\\/\\\/kinetic-corp.com\\\/training\\\/\"},{\"@type\":\"ListItem\",\"position\":2,\"name\":\"Formaciones\",\"item\":\"https:\\\/\\\/kinetic-corp.com\\\/training\\\/formaciones\\\/\"},{\"@type\":\"ListItem\",\"position\":3,\"name\":\"Agilidad\",\"item\":\"https:\\\/\\\/kinetic-corp.com\\\/training\\\/categoria\\\/agilidad\\\/\"},{\"@type\":\"ListItem\",\"position\":4,\"name\":\"Pr\u00e1cticas y T\u00e9cnicas \u00c1giles\"}]},{\"@type\":\"WebSite\",\"@id\":\"https:\\\/\\\/kinetic-corp.com\\\/training\\\/#website\",\"url\":\"https:\\\/\\\/kinetic-corp.com\\\/training\\\/\",\"name\":\"Kinetic Training\",\"description\":\"Desarrolla tu talento\",\"publisher\":{\"@id\":\"https:\\\/\\\/kinetic-corp.com\\\/training\\\/#organization\"},\"potentialAction\":[{\"@type\":\"SearchAction\",\"target\":{\"@type\":\"EntryPoint\",\"urlTemplate\":\"https:\\\/\\\/kinetic-corp.com\\\/training\\\/?s={search_term_string}\"},\"query-input\":{\"@type\":\"PropertyValueSpecification\",\"valueRequired\":true,\"valueName\":\"search_term_string\"}}],\"inLanguage\":\"es\"},{\"@type\":\"Organization\",\"@id\":\"https:\\\/\\\/kinetic-corp.com\\\/training\\\/#organization\",\"name\":\"Kinetic Training\",\"url\":\"https:\\\/\\\/kinetic-corp.com\\\/training\\\/\",\"logo\":{\"@type\":\"ImageObject\",\"inLanguage\":\"es\",\"@id\":\"https:\\\/\\\/kinetic-corp.com\\\/training\\\/#\\\/schema\\\/logo\\\/image\\\/\",\"url\":\"https:\\\/\\\/kinetic-corp.com\\\/training\\\/wp-content\\\/uploads\\\/2024\\\/05\\\/kinetic-training-fw.svg\",\"contentUrl\":\"https:\\\/\\\/kinetic-corp.com\\\/training\\\/wp-content\\\/uploads\\\/2024\\\/05\\\/kinetic-training-fw.svg\",\"caption\":\"Kinetic Training\"},\"image\":{\"@id\":\"https:\\\/\\\/kinetic-corp.com\\\/training\\\/#\\\/schema\\\/logo\\\/image\\\/\"},\"sameAs\":[\"https:\\\/\\\/www.facebook.com\\\/kinetic.traininghub\",\"https:\\\/\\\/www.instagram.com\\\/kinetic.traininghub\\\/\",\"https:\\\/\\\/www.linkedin.com\\\/company\\\/kinetic-training\\\/\"]}]}<\/script>\n<!-- \/ Yoast SEO plugin. -->","yoast_head_json":{"title":"Pr\u00e1cticas y T\u00e9cnicas \u00c1giles - Kinetic Training","robots":{"index":"index","follow":"follow","max-snippet":"max-snippet:-1","max-image-preview":"max-image-preview:large","max-video-preview":"max-video-preview:-1"},"canonical":"https:\/\/kinetic-corp.com\/training\/formacion\/practicas-y-tecnicas-agiles\/","og_locale":"es_ES","og_type":"article","og_title":"Pr\u00e1cticas y T\u00e9cnicas \u00c1giles - Kinetic Training","og_description":"En los entornos actuales, los equipos necesitan algo m\u00e1s que estructuras tradicionales: requieren confianza, autonom\u00eda y formas de colaboraci\u00f3n que potencien su creatividad y capacidad de respuesta. Este taller propone un enfoque pr\u00e1ctico basado en pr\u00e1cticas de construcci\u00f3n de equipos y din\u00e1micas colaborativas, que permiten alinear prop\u00f3sitos, fortalecer v\u00ednculos y mejorar la toma de decisiones [&hellip;]","og_url":"https:\/\/kinetic-corp.com\/training\/formacion\/practicas-y-tecnicas-agiles\/","og_site_name":"Kinetic Training","article_publisher":"https:\/\/www.facebook.com\/kinetic.traininghub","article_modified_time":"2026-04-06T12:52:14+00:00","og_image":[{"width":1024,"height":1024,"url":"https:\/\/kinetic-corp.com\/training\/wp-content\/uploads\/2025\/10\/practicas_tecnicas_agiles.webp","type":"image\/webp"}],"twitter_card":"summary_large_image","twitter_misc":{"Tiempo de lectura":"1 minuto"},"schema":{"@context":"https:\/\/schema.org","@graph":[{"@type":"WebPage","@id":"https:\/\/kinetic-corp.com\/training\/formacion\/practicas-y-tecnicas-agiles\/","url":"https:\/\/kinetic-corp.com\/training\/formacion\/practicas-y-tecnicas-agiles\/","name":"Pr\u00e1cticas y T\u00e9cnicas \u00c1giles - Kinetic Training","isPartOf":{"@id":"https:\/\/kinetic-corp.com\/training\/#website"},"primaryImageOfPage":{"@id":"https:\/\/kinetic-corp.com\/training\/formacion\/practicas-y-tecnicas-agiles\/#primaryimage"},"image":{"@id":"https:\/\/kinetic-corp.com\/training\/formacion\/practicas-y-tecnicas-agiles\/#primaryimage"},"thumbnailUrl":"https:\/\/kinetic-corp.com\/training\/wp-content\/uploads\/2025\/10\/practicas_tecnicas_agiles.webp","datePublished":"2025-10-02T19:14:36+00:00","dateModified":"2026-04-06T12:52:14+00:00","breadcrumb":{"@id":"https:\/\/kinetic-corp.com\/training\/formacion\/practicas-y-tecnicas-agiles\/#breadcrumb"},"inLanguage":"es","potentialAction":[{"@type":"ReadAction","target":["https:\/\/kinetic-corp.com\/training\/formacion\/practicas-y-tecnicas-agiles\/"]}]},{"@type":"ImageObject","inLanguage":"es","@id":"https:\/\/kinetic-corp.com\/training\/formacion\/practicas-y-tecnicas-agiles\/#primaryimage","url":"https:\/\/kinetic-corp.com\/training\/wp-content\/uploads\/2025\/10\/practicas_tecnicas_agiles.webp","contentUrl":"https:\/\/kinetic-corp.com\/training\/wp-content\/uploads\/2025\/10\/practicas_tecnicas_agiles.webp","width":1024,"height":1024},{"@type":"BreadcrumbList","@id":"https:\/\/kinetic-corp.com\/training\/formacion\/practicas-y-tecnicas-agiles\/#breadcrumb","itemListElement":[{"@type":"ListItem","position":1,"name":"Inicio","item":"https:\/\/kinetic-corp.com\/training\/"},{"@type":"ListItem","position":2,"name":"Formaciones","item":"https:\/\/kinetic-corp.com\/training\/formaciones\/"},{"@type":"ListItem","position":3,"name":"Agilidad","item":"https:\/\/kinetic-corp.com\/training\/categoria\/agilidad\/"},{"@type":"ListItem","position":4,"name":"Pr\u00e1cticas y T\u00e9cnicas \u00c1giles"}]},{"@type":"WebSite","@id":"https:\/\/kinetic-corp.com\/training\/#website","url":"https:\/\/kinetic-corp.com\/training\/","name":"Kinetic Training","description":"Desarrolla tu talento","publisher":{"@id":"https:\/\/kinetic-corp.com\/training\/#organization"},"potentialAction":[{"@type":"SearchAction","target":{"@type":"EntryPoint","urlTemplate":"https:\/\/kinetic-corp.com\/training\/?s={search_term_string}"},"query-input":{"@type":"PropertyValueSpecification","valueRequired":true,"valueName":"search_term_string"}}],"inLanguage":"es"},{"@type":"Organization","@id":"https:\/\/kinetic-corp.com\/training\/#organization","name":"Kinetic Training","url":"https:\/\/kinetic-corp.com\/training\/","logo":{"@type":"ImageObject","inLanguage":"es","@id":"https:\/\/kinetic-corp.com\/training\/#\/schema\/logo\/image\/","url":"https:\/\/kinetic-corp.com\/training\/wp-content\/uploads\/2024\/05\/kinetic-training-fw.svg","contentUrl":"https:\/\/kinetic-corp.com\/training\/wp-content\/uploads\/2024\/05\/kinetic-training-fw.svg","caption":"Kinetic Training"},"image":{"@id":"https:\/\/kinetic-corp.com\/training\/#\/schema\/logo\/image\/"},"sameAs":["https:\/\/www.facebook.com\/kinetic.traininghub","https:\/\/www.instagram.com\/kinetic.traininghub\/","https:\/\/www.linkedin.com\/company\/kinetic-training\/"]}]}},"_links":{"self":[{"href":"https:\/\/kinetic-corp.com\/training\/wp-json\/wp\/v2\/product\/12500","targetHints":{"allow":["GET"]}}],"collection":[{"href":"https:\/\/kinetic-corp.com\/training\/wp-json\/wp\/v2\/product"}],"about":[{"href":"https:\/\/kinetic-corp.com\/training\/wp-json\/wp\/v2\/types\/product"}],"wp:featuredmedia":[{"embeddable":true,"href":"https:\/\/kinetic-corp.com\/training\/wp-json\/wp\/v2\/media\/12501"}],"wp:attachment":[{"href":"https:\/\/kinetic-corp.com\/training\/wp-json\/wp\/v2\/media?parent=12500"}],"wp:term":[{"taxonomy":"modalidad","embeddable":true,"href":"https:\/\/kinetic-corp.com\/training\/wp-json\/wp\/v2\/modalidad?post=12500"},{"taxonomy":"product_brand","embeddable":true,"href":"https:\/\/kinetic-corp.com\/training\/wp-json\/wp\/v2\/product_brand?post=12500"},{"taxonomy":"product_cat","embeddable":true,"href":"https:\/\/kinetic-corp.com\/training\/wp-json\/wp\/v2\/product_cat?post=12500"},{"taxonomy":"product_tag","embeddable":true,"href":"https:\/\/kinetic-corp.com\/training\/wp-json\/wp\/v2\/product_tag?post=12500"}],"curies":[{"name":"wp","href":"https:\/\/api.w.org\/{rel}","templated":true}]}}