{"id":5989,"date":"2024-10-16T17:18:31","date_gmt":"2024-10-16T20:18:31","guid":{"rendered":"https:\/\/kinetic-corp.com\/training\/?post_type=product&#038;p=5989"},"modified":"2026-03-11T14:20:47","modified_gmt":"2026-03-11T17:20:47","slug":"diseno-y-modelado-de-procesos-con-bpmn","status":"publish","type":"product","link":"https:\/\/kinetic-corp.com\/training\/formacion\/diseno-y-modelado-de-procesos-con-bpmn\/","title":{"rendered":"Dise\u00f1o y modelado de procesos con BPMN"},"content":{"rendered":"<p><span style=\"font-weight: 400;\">Esta formaci\u00f3n te entrenar\u00e1 para identificar, analizar, modelar y optimizar flujos de valor en los procesos de una organizaci\u00f3n, mediante la aplicaci\u00f3n de BPMN. Este sistema de notaci\u00f3n universal permite analizar las tareas que componen un proceso para describirlo, mejorarlo o redise\u00f1arlo, y as\u00ed optimizar resultados, aumentar la eficiencia y mejorar la experiencia.<\/span><\/p>\n","protected":false},"excerpt":{"rendered":"<p>Esta formaci\u00f3n te entrenar\u00e1 para identificar, analizar, modelar y optimizar flujos de valor en los procesos de una organizaci\u00f3n, mediante la aplicaci\u00f3n de BPMN. Este sistema de notaci\u00f3n universal permite analizar las tareas que componen un proceso para describirlo, mejorarlo o redise\u00f1arlo, y as\u00ed optimizar resultados, aumentar la eficiencia y mejorar la experiencia.<\/p>\n","protected":false},"featured_media":165,"template":"","meta":{"_acf_changed":false},"modalidad":[39],"product_brand":[],"product_cat":[29],"product_tag":[],"class_list":{"0":"post-5989","1":"product","2":"type-product","3":"status-publish","4":"has-post-thumbnail","6":"modalidad-live-class","7":"product_cat-gestion-de-proyectos","9":"first","10":"instock","11":"sale","12":"virtual","13":"sold-individually","14":"purchasable","15":"product-type-simple"},"acf":[],"yoast_head":"<!-- This site is optimized with the Yoast SEO plugin v27.4 - https:\/\/yoast.com\/product\/yoast-seo-wordpress\/ -->\n<title>Dise\u00f1o y modelado de procesos con BPMN - Kinetic Training<\/title>\n<meta name=\"description\" content=\"Aprend\u00e9 a identificar, analizar, modelar y optimizar flujos de valor en los procesos de una organizaci\u00f3n mediante la aplicaci\u00f3n de BPMN.\" \/>\n<meta name=\"robots\" content=\"index, follow, max-snippet:-1, max-image-preview:large, max-video-preview:-1\" \/>\n<link rel=\"canonical\" href=\"https:\/\/kinetic-corp.com\/training\/formacion\/diseno-y-modelado-de-procesos-con-bpmn\/\" \/>\n<meta property=\"og:locale\" content=\"es_ES\" \/>\n<meta property=\"og:type\" content=\"article\" \/>\n<meta property=\"og:title\" content=\"Dise\u00f1o y modelado de procesos con BPMN - Kinetic Training\" \/>\n<meta property=\"og:description\" content=\"Aprend\u00e9 a identificar, analizar, modelar y optimizar flujos de valor en los procesos de una organizaci\u00f3n mediante la aplicaci\u00f3n de BPMN.\" \/>\n<meta property=\"og:url\" content=\"https:\/\/kinetic-corp.com\/training\/formacion\/diseno-y-modelado-de-procesos-con-bpmn\/\" \/>\n<meta property=\"og:site_name\" content=\"Kinetic Training\" \/>\n<meta property=\"article:publisher\" content=\"https:\/\/www.facebook.com\/kinetic.traininghub\" \/>\n<meta property=\"article:modified_time\" content=\"2026-03-11T17:20:47+00:00\" \/>\n<meta property=\"og:image\" content=\"https:\/\/kinetic-corp.com\/training\/wp-content\/uploads\/2024\/05\/mujeres-alto-angulo-trabajo-oficina-2-scaled-1.jpg\" \/>\n\t<meta property=\"og:image:width\" content=\"1600\" \/>\n\t<meta property=\"og:image:height\" content=\"796\" \/>\n\t<meta property=\"og:image:type\" content=\"image\/jpeg\" \/>\n<meta name=\"twitter:card\" content=\"summary_large_image\" \/>\n<meta name=\"twitter:label1\" content=\"Tiempo de lectura\" \/>\n\t<meta name=\"twitter:data1\" content=\"1 minuto\" \/>\n<script type=\"application\/ld+json\" class=\"yoast-schema-graph\">{\"@context\":\"https:\\\/\\\/schema.org\",\"@graph\":[{\"@type\":\"WebPage\",\"@id\":\"https:\\\/\\\/kinetic-corp.com\\\/training\\\/formacion\\\/diseno-y-modelado-de-procesos-con-bpmn\\\/\",\"url\":\"https:\\\/\\\/kinetic-corp.com\\\/training\\\/formacion\\\/diseno-y-modelado-de-procesos-con-bpmn\\\/\",\"name\":\"Dise\u00f1o y modelado de procesos con BPMN - Kinetic Training\",\"isPartOf\":{\"@id\":\"https:\\\/\\\/kinetic-corp.com\\\/training\\\/#website\"},\"primaryImageOfPage\":{\"@id\":\"https:\\\/\\\/kinetic-corp.com\\\/training\\\/formacion\\\/diseno-y-modelado-de-procesos-con-bpmn\\\/#primaryimage\"},\"image\":{\"@id\":\"https:\\\/\\\/kinetic-corp.com\\\/training\\\/formacion\\\/diseno-y-modelado-de-procesos-con-bpmn\\\/#primaryimage\"},\"thumbnailUrl\":\"https:\\\/\\\/kinetic-corp.com\\\/training\\\/wp-content\\\/uploads\\\/2024\\\/05\\\/mujeres-alto-angulo-trabajo-oficina-2-scaled-1.jpg\",\"datePublished\":\"2024-10-16T20:18:31+00:00\",\"dateModified\":\"2026-03-11T17:20:47+00:00\",\"description\":\"Aprend\u00e9 a identificar, analizar, modelar y optimizar flujos de valor en los procesos de una organizaci\u00f3n mediante la aplicaci\u00f3n de BPMN.\",\"breadcrumb\":{\"@id\":\"https:\\\/\\\/kinetic-corp.com\\\/training\\\/formacion\\\/diseno-y-modelado-de-procesos-con-bpmn\\\/#breadcrumb\"},\"inLanguage\":\"es\",\"potentialAction\":[{\"@type\":\"ReadAction\",\"target\":[\"https:\\\/\\\/kinetic-corp.com\\\/training\\\/formacion\\\/diseno-y-modelado-de-procesos-con-bpmn\\\/\"]}]},{\"@type\":\"ImageObject\",\"inLanguage\":\"es\",\"@id\":\"https:\\\/\\\/kinetic-corp.com\\\/training\\\/formacion\\\/diseno-y-modelado-de-procesos-con-bpmn\\\/#primaryimage\",\"url\":\"https:\\\/\\\/kinetic-corp.com\\\/training\\\/wp-content\\\/uploads\\\/2024\\\/05\\\/mujeres-alto-angulo-trabajo-oficina-2-scaled-1.jpg\",\"contentUrl\":\"https:\\\/\\\/kinetic-corp.com\\\/training\\\/wp-content\\\/uploads\\\/2024\\\/05\\\/mujeres-alto-angulo-trabajo-oficina-2-scaled-1.jpg\",\"width\":1600,\"height\":796,\"caption\":\"mujeres\"},{\"@type\":\"BreadcrumbList\",\"@id\":\"https:\\\/\\\/kinetic-corp.com\\\/training\\\/formacion\\\/diseno-y-modelado-de-procesos-con-bpmn\\\/#breadcrumb\",\"itemListElement\":[{\"@type\":\"ListItem\",\"position\":1,\"name\":\"Inicio\",\"item\":\"https:\\\/\\\/kinetic-corp.com\\\/training\\\/\"},{\"@type\":\"ListItem\",\"position\":2,\"name\":\"Formaciones\",\"item\":\"https:\\\/\\\/kinetic-corp.com\\\/training\\\/formaciones\\\/\"},{\"@type\":\"ListItem\",\"position\":3,\"name\":\"Gesti\u00f3n de proyectos\",\"item\":\"https:\\\/\\\/kinetic-corp.com\\\/training\\\/categoria\\\/gestion-de-proyectos\\\/\"},{\"@type\":\"ListItem\",\"position\":4,\"name\":\"Dise\u00f1o y modelado de procesos con BPMN\"}]},{\"@type\":\"WebSite\",\"@id\":\"https:\\\/\\\/kinetic-corp.com\\\/training\\\/#website\",\"url\":\"https:\\\/\\\/kinetic-corp.com\\\/training\\\/\",\"name\":\"Kinetic Training\",\"description\":\"Desarrolla tu talento\",\"publisher\":{\"@id\":\"https:\\\/\\\/kinetic-corp.com\\\/training\\\/#organization\"},\"potentialAction\":[{\"@type\":\"SearchAction\",\"target\":{\"@type\":\"EntryPoint\",\"urlTemplate\":\"https:\\\/\\\/kinetic-corp.com\\\/training\\\/?s={search_term_string}\"},\"query-input\":{\"@type\":\"PropertyValueSpecification\",\"valueRequired\":true,\"valueName\":\"search_term_string\"}}],\"inLanguage\":\"es\"},{\"@type\":\"Organization\",\"@id\":\"https:\\\/\\\/kinetic-corp.com\\\/training\\\/#organization\",\"name\":\"Kinetic Training\",\"url\":\"https:\\\/\\\/kinetic-corp.com\\\/training\\\/\",\"logo\":{\"@type\":\"ImageObject\",\"inLanguage\":\"es\",\"@id\":\"https:\\\/\\\/kinetic-corp.com\\\/training\\\/#\\\/schema\\\/logo\\\/image\\\/\",\"url\":\"https:\\\/\\\/kinetic-corp.com\\\/training\\\/wp-content\\\/uploads\\\/2024\\\/05\\\/kinetic-training-fw.svg\",\"contentUrl\":\"https:\\\/\\\/kinetic-corp.com\\\/training\\\/wp-content\\\/uploads\\\/2024\\\/05\\\/kinetic-training-fw.svg\",\"caption\":\"Kinetic Training\"},\"image\":{\"@id\":\"https:\\\/\\\/kinetic-corp.com\\\/training\\\/#\\\/schema\\\/logo\\\/image\\\/\"},\"sameAs\":[\"https:\\\/\\\/www.facebook.com\\\/kinetic.traininghub\",\"https:\\\/\\\/www.instagram.com\\\/kinetic.traininghub\\\/\",\"https:\\\/\\\/www.linkedin.com\\\/company\\\/kinetic-training\\\/\"]}]}<\/script>\n<!-- \/ Yoast SEO plugin. -->","yoast_head_json":{"title":"Dise\u00f1o y modelado de procesos con BPMN - Kinetic Training","description":"Aprend\u00e9 a identificar, analizar, modelar y optimizar flujos de valor en los procesos de una organizaci\u00f3n mediante la aplicaci\u00f3n de BPMN.","robots":{"index":"index","follow":"follow","max-snippet":"max-snippet:-1","max-image-preview":"max-image-preview:large","max-video-preview":"max-video-preview:-1"},"canonical":"https:\/\/kinetic-corp.com\/training\/formacion\/diseno-y-modelado-de-procesos-con-bpmn\/","og_locale":"es_ES","og_type":"article","og_title":"Dise\u00f1o y modelado de procesos con BPMN - Kinetic Training","og_description":"Aprend\u00e9 a identificar, analizar, modelar y optimizar flujos de valor en los procesos de una organizaci\u00f3n mediante la aplicaci\u00f3n de BPMN.","og_url":"https:\/\/kinetic-corp.com\/training\/formacion\/diseno-y-modelado-de-procesos-con-bpmn\/","og_site_name":"Kinetic Training","article_publisher":"https:\/\/www.facebook.com\/kinetic.traininghub","article_modified_time":"2026-03-11T17:20:47+00:00","og_image":[{"width":1600,"height":796,"url":"https:\/\/kinetic-corp.com\/training\/wp-content\/uploads\/2024\/05\/mujeres-alto-angulo-trabajo-oficina-2-scaled-1.jpg","type":"image\/jpeg"}],"twitter_card":"summary_large_image","twitter_misc":{"Tiempo de lectura":"1 minuto"},"schema":{"@context":"https:\/\/schema.org","@graph":[{"@type":"WebPage","@id":"https:\/\/kinetic-corp.com\/training\/formacion\/diseno-y-modelado-de-procesos-con-bpmn\/","url":"https:\/\/kinetic-corp.com\/training\/formacion\/diseno-y-modelado-de-procesos-con-bpmn\/","name":"Dise\u00f1o y modelado de procesos con BPMN - Kinetic Training","isPartOf":{"@id":"https:\/\/kinetic-corp.com\/training\/#website"},"primaryImageOfPage":{"@id":"https:\/\/kinetic-corp.com\/training\/formacion\/diseno-y-modelado-de-procesos-con-bpmn\/#primaryimage"},"image":{"@id":"https:\/\/kinetic-corp.com\/training\/formacion\/diseno-y-modelado-de-procesos-con-bpmn\/#primaryimage"},"thumbnailUrl":"https:\/\/kinetic-corp.com\/training\/wp-content\/uploads\/2024\/05\/mujeres-alto-angulo-trabajo-oficina-2-scaled-1.jpg","datePublished":"2024-10-16T20:18:31+00:00","dateModified":"2026-03-11T17:20:47+00:00","description":"Aprend\u00e9 a identificar, analizar, modelar y optimizar flujos de valor en los procesos de una organizaci\u00f3n mediante la aplicaci\u00f3n de BPMN.","breadcrumb":{"@id":"https:\/\/kinetic-corp.com\/training\/formacion\/diseno-y-modelado-de-procesos-con-bpmn\/#breadcrumb"},"inLanguage":"es","potentialAction":[{"@type":"ReadAction","target":["https:\/\/kinetic-corp.com\/training\/formacion\/diseno-y-modelado-de-procesos-con-bpmn\/"]}]},{"@type":"ImageObject","inLanguage":"es","@id":"https:\/\/kinetic-corp.com\/training\/formacion\/diseno-y-modelado-de-procesos-con-bpmn\/#primaryimage","url":"https:\/\/kinetic-corp.com\/training\/wp-content\/uploads\/2024\/05\/mujeres-alto-angulo-trabajo-oficina-2-scaled-1.jpg","contentUrl":"https:\/\/kinetic-corp.com\/training\/wp-content\/uploads\/2024\/05\/mujeres-alto-angulo-trabajo-oficina-2-scaled-1.jpg","width":1600,"height":796,"caption":"mujeres"},{"@type":"BreadcrumbList","@id":"https:\/\/kinetic-corp.com\/training\/formacion\/diseno-y-modelado-de-procesos-con-bpmn\/#breadcrumb","itemListElement":[{"@type":"ListItem","position":1,"name":"Inicio","item":"https:\/\/kinetic-corp.com\/training\/"},{"@type":"ListItem","position":2,"name":"Formaciones","item":"https:\/\/kinetic-corp.com\/training\/formaciones\/"},{"@type":"ListItem","position":3,"name":"Gesti\u00f3n de proyectos","item":"https:\/\/kinetic-corp.com\/training\/categoria\/gestion-de-proyectos\/"},{"@type":"ListItem","position":4,"name":"Dise\u00f1o y modelado de procesos con BPMN"}]},{"@type":"WebSite","@id":"https:\/\/kinetic-corp.com\/training\/#website","url":"https:\/\/kinetic-corp.com\/training\/","name":"Kinetic Training","description":"Desarrolla tu talento","publisher":{"@id":"https:\/\/kinetic-corp.com\/training\/#organization"},"potentialAction":[{"@type":"SearchAction","target":{"@type":"EntryPoint","urlTemplate":"https:\/\/kinetic-corp.com\/training\/?s={search_term_string}"},"query-input":{"@type":"PropertyValueSpecification","valueRequired":true,"valueName":"search_term_string"}}],"inLanguage":"es"},{"@type":"Organization","@id":"https:\/\/kinetic-corp.com\/training\/#organization","name":"Kinetic Training","url":"https:\/\/kinetic-corp.com\/training\/","logo":{"@type":"ImageObject","inLanguage":"es","@id":"https:\/\/kinetic-corp.com\/training\/#\/schema\/logo\/image\/","url":"https:\/\/kinetic-corp.com\/training\/wp-content\/uploads\/2024\/05\/kinetic-training-fw.svg","contentUrl":"https:\/\/kinetic-corp.com\/training\/wp-content\/uploads\/2024\/05\/kinetic-training-fw.svg","caption":"Kinetic Training"},"image":{"@id":"https:\/\/kinetic-corp.com\/training\/#\/schema\/logo\/image\/"},"sameAs":["https:\/\/www.facebook.com\/kinetic.traininghub","https:\/\/www.instagram.com\/kinetic.traininghub\/","https:\/\/www.linkedin.com\/company\/kinetic-training\/"]}]}},"_links":{"self":[{"href":"https:\/\/kinetic-corp.com\/training\/wp-json\/wp\/v2\/product\/5989","targetHints":{"allow":["GET"]}}],"collection":[{"href":"https:\/\/kinetic-corp.com\/training\/wp-json\/wp\/v2\/product"}],"about":[{"href":"https:\/\/kinetic-corp.com\/training\/wp-json\/wp\/v2\/types\/product"}],"wp:featuredmedia":[{"embeddable":true,"href":"https:\/\/kinetic-corp.com\/training\/wp-json\/wp\/v2\/media\/165"}],"wp:attachment":[{"href":"https:\/\/kinetic-corp.com\/training\/wp-json\/wp\/v2\/media?parent=5989"}],"wp:term":[{"taxonomy":"modalidad","embeddable":true,"href":"https:\/\/kinetic-corp.com\/training\/wp-json\/wp\/v2\/modalidad?post=5989"},{"taxonomy":"product_brand","embeddable":true,"href":"https:\/\/kinetic-corp.com\/training\/wp-json\/wp\/v2\/product_brand?post=5989"},{"taxonomy":"product_cat","embeddable":true,"href":"https:\/\/kinetic-corp.com\/training\/wp-json\/wp\/v2\/product_cat?post=5989"},{"taxonomy":"product_tag","embeddable":true,"href":"https:\/\/kinetic-corp.com\/training\/wp-json\/wp\/v2\/product_tag?post=5989"}],"curies":[{"name":"wp","href":"https:\/\/api.w.org\/{rel}","templated":true}]}}